 = 16*f**3 - 14*f**2 - 31*f. What are the prime factors of i(13)?
13, 47, 53
List the prime factors of (1/(-2))/((5/(-180))/(1538/3)).
2, 3, 769
Let w(u) = 2750*u**2 - 179*u - 23. List the prime factors of w(3).
2, 5, 41, 59
Suppose 2*r - k - 43451 = 0, -35*k - 21732 = -r - 41*k. What are the prime factors of r?
2, 3, 17, 71
Let n = -145 + 149. Let x = -87 - -94. Suppose -77 = -t + n*c, t - 3*c - 65 = x. What are the prime factors of t?
3, 19
Suppose 5*i + p - 129730 = 0, 164*i = 165*i + p - 25946. List the prime factors of i.
2, 12973
Let h = 3208 - -630. What are the prime factors of h?
2, 19, 101
Let b be 3/(-12) + 258/8. Suppose 2*n = -3*c + 54, -4*n = -4*c + 40 + b. Suppose 1 = z + s + s, -2*z + c = -4*s. What are the prime factors of z?
5
Suppose 0 = 4*q + 2*y - 6*y - 85828, -21433 = -q - 5*y. What are the prime factors of q?
3, 7151
Suppose 14*f - 21*f = 28. List the prime factors of 1/(f + 1)*(-4452)/4.
7, 53
Let g = 23452 + -13494. List the prime factors of g.
2, 13, 383
Let n(j) = -19*j - 4. Let a be n(-14). Let g = 402 - a. What are the prime factors of g?
2, 5, 7
Let p be (6/(-2) - -1)*970/388. Let y(i) = 11 + 5 - 13*i + 4. List the prime factors of y(p).
5, 17
Suppose 32*v + 302 = -59*v - 62. Let a(x) be the first derivative of -23*x**2 + 4*x - 1. List the prime factors of a(v).
2, 47
Let o = -6 + 13. Let r(f) = 17*f + 38. Let u be r(o). Let s = -86 + u. List the prime factors of s.
71
Suppose -167 = -3*y - 4*g + 109, y = -4*g + 100. Let h = y + -83. Suppose -129 = -h*v + 431. List the prime factors of v.
2, 7
Let n(z) = -7*z - 5. Suppose -10*m + 4 = -14*m. Let w be n(m). Suppose 2*u = 2*b + 102, w*u + 4*b = 71 + 43. What are the prime factors of u?
53
Suppose 145 = 5*o + 3*z, -4*o - 45 = 2*z - 161. Suppose -35897 = -o*n + 2586. What are the prime factors of n?
1327
Let w = -23 - -23. Suppose 3*h = 2*h + 5, -p + 5*h + 396 = w. List the prime factors of p.
421
Let c = -6 + 1. Suppose -y = 39 + 5. Let b = c - y. List the prime factors of b.
3, 13
Let i = 1452 + -243. Let o = -336 + i. List the prime factors of o.
3, 97
Suppose 3*r = 4480 + 14309. List the prime factors of r.
6263
Let c = -94 - -7. Let g = c + 158. List the prime factors of g.
71
Suppose 3*w + 0*y - 2*y + 209 = 0, 4*w - y + 272 = 0. Let u = -62 - w. Suppose 2*k - 4*n = -3*k + 339, 3*k = u*n + 193. What are the prime factors of k?
71
Let p(r) = 10*r - 34. Let v be p(6). Let f = -2 - -5. Suppose 0 = -4*y - f*l + 59, v = 5*y - l - 43. List the prime factors of y.
2, 7
Let y be ((-1)/(-2))/((-4)/280). Suppose i - u + 0 = -134, -2*i = 4*u + 262. Let k = y - i. List the prime factors of k.
2, 7
Suppose 5*x = 5, 0 = 2*h - 17*x + 22*x - 33369. List the prime factors of h.
2, 19, 439
Let f(t) = 3*t**3 + t**2 - 6*t + 19. Let l be f(3). Suppose 1295 = -84*k + l*k. List the prime factors of k.
5, 37
Suppose -720*a = -559*a - 5247312. List the prime factors of a.
2, 3, 7, 97
What are the prime factors of (160/64 - 70737/(-6)) + 7?
3, 19, 23
Suppose 82*t - 3*t + 61*t = 1204140. List the prime factors of t.
3, 47, 61
Suppose 3*a + 4*d + 12 = 0, -8*a + d = -5*a - 3. Suppose -3*b + 20 = 2*i, -2*i + 8 = -a*i. Suppose -b*z = -336 - 224. What are the prime factors of z?
2, 5, 7
Let c be 1/(-1) + 4 + 1. Let r(s) = 7*s + 5 + 3*s - 10*s + c*s. What are the prime factors of r(11)?
7
Let m(a) be the first derivative of 17*a**2/2 - 25*a - 53. List the prime factors of m(21).
2, 83
Let q(c) = -c**2 + 649*c + 18964. What are the prime factors of q(0)?
2, 11, 431
Let p(b) = -487*b - 189. What are the prime factors of p(-19)?
2, 11, 103
Let j(q) = 15*q**3 + 390*q**2 + q - 81. List the prime factors of j(-24).
3, 5, 229
Let n(t) = -t**3 - 3*t**2 - 4*t - 9. Suppose 3 = -2*g - 3. Let l be n(g). Suppose -321 = -5*p + 3*s, 3*p + 0*s - l*s = 189. List the prime factors of p.
2, 3, 11
Suppose -5 + 1 = -2*g. Let q be 3*(-9)/27 - (-474)/g. Suppose t + 802 = 4*d, 2*d + 4*t + q = 646. What are the prime factors of d?
3, 67
Let y = 5703 - 2114. Suppose 5231 + y = 15*h. What are the prime factors of h?
2, 3, 7
Let d = 972 - -10. Let h = -650 + d. List the prime factors of h.
2, 83
Let m be (1*(-2 - 2))/(4/(-3)). Let v(c) = c**3 - 2*c**2 - c - 5. Let p be v(m). What are the prime factors of (p/(-2))/(1/(-218))?
109
Suppose -33*i = -30*i - 52494. List the prime factors of i.
2, 13, 673
Let v(x) = 63*x + 85. Let h be v(7). Suppose 0 = 4*u - 0 + 12, t = 5*u + h. What are the prime factors of t?
7, 73
Suppose 5*q + 30 = 370. Suppose 0 = -3*h - 10*g - 27, 0*g + 4*g + 14 = 2*h. What are the prime factors of (51/q)/(h/144)?
2, 3
Suppose -2*o - 6368 = -6*o. Suppose 3*n = -q + 1183, 4*n - 5*q + 10*q = o. Let f = n - 157. What are the prime factors of f?
2, 59
Let y(g) = -g**3 + 14*g**2 - 11. Let f be y(14). Let n(d) = -61*d - 42. List the prime factors of n(f).
17, 37
Suppose 2*c + 84518 - 20252 = 4*l, 0 = -l - c + 16065. What are the prime factors of l?
2, 29, 277
Let p = 455 - 499. Let h = -1 - -10. Let v = h - p. List the prime factors of v.
53
Let d(v) = 5*v**2 - 254*v - 139. List the prime factors of d(89).
2, 3, 5, 281
Let u = -1977 - -28303. What are the prime factors of u?
2, 13163
Let o(k) = 10*k**2 - 20*k + 318. What are the prime factors of o(40)?
2, 7759
Let g(j) = -2*j + 13. Let a be g(4). Suppose -2*t + 4*q + 100 = 18, 5*q - 145 = -a*t. What are the prime factors of (9/3)/(2 - 63/t)?
3, 11
Suppose 0 = -37*r + 213140 + 62140. What are the prime factors of r?
2, 3, 5, 31
Suppose -5151 = 17*k - 61523. What are the prime factors of (-5 + k/(-20))*(-5)/2?
7, 61
Suppose y = -45 + 174. Suppose -1386 = -y*w + 127*w. List the prime factors of w.
3, 7, 11
Suppose -l - 2*r = -6, -4*l = 3*r + 2*r - 18. What are the prime factors of (-3 + 277/1)*l?
2, 137
Let r be 5 + (-8)/20 + 17/5. List the prime factors of 322 - (3/(-4) - 2/r).
17, 19
Let u = 717 - 336. Let k = -110 + u. What are the prime factors of k?
271
Suppose 599*r - 2429624 - 304212 = 0. What are the prime factors of r?
2, 7, 163
Let o(q) = -8*q**3 + 43*q**2 - 25*q - 63. List the prime factors of o(-19).
11, 41, 157
Let x be (8 + (-1008)/45)/(2/40). List the prime factors of (x/(-180))/((-2)/(-255)).
2, 3, 17
Suppose 10*d - 18 = 2. Suppose d*o = 2*y + 1213 + 1095, o + 5*y = 1172. List the prime factors of o.
13, 89
Suppose -2*j + 19 = 11. Suppose -21 = -4*b + 5*s + 3, -j*s = 4*b - 24. What are the prime factors of (-68)/(-12)*1*b?
2, 17
Let y be 186 - 1 - 2/2. Let o be -1 + 15 + 0 + 1. Suppose -y = -l + o. List the prime factors of l.
199
Let n = 8738 + -4470. What are the prime factors of n?
2, 11, 97
Suppose -12*t = -0*t - 1356. Let b = t + -115. List the prime factors of b + (-2215)/(-15) - (-1)/3.
2, 73
What are the prime factors of ((-2)/(-4) + (-1207)/34)*-1444?
2, 5, 7, 19
Let k(f) be the third derivative of f**6/120 - f**5/20 - f**4/12 + f**3/3 - 10*f**2. Let c be k(3). List the prime factors of 7 + (c - -3)*0.
7
Suppose b + 6*w - 2*w - 572 = 0, -b + 552 = -w. Let x = -112 + b. List the prime factors of x.
2, 3, 37
Let j(a) = -3078*a - 2164. What are the prime factors of j(-6)?
2, 1019
Suppose -16*l + 28 = -12*l. Suppose 0 = l*d - 3514 - 7532. List the prime factors of d.
2, 3, 263
Let u(f) be the first derivative of 25*f**2/2 - 189*f - 70. What are the prime factors of u(9)?
2, 3
Suppose -3*z + 266 = 1610. Let g = -292 - z. Suppose -2*m = m - g. List the prime factors of m.
2, 13
Suppose -3*b + g = 3 - 14, 35 = 5*b - 5*g. Suppose -5*z - b*z - 364 = 0. List the prime factors of (-6)/(-39) - 1656/z.
2
Suppose 0 = -40*s - 35 - 125. What are the prime factors of 2 - (1 + 6) - s - -551?
2, 5, 11
List the prime factors of 158/(51/306 + (4767/(-4302))/7).
79, 239
Suppose 0 = 303*c - 286*c - 175185. What are the prime factors of c?
3, 5, 229
Let c be (-3)/(-15) - (-3995)/25. Suppose 20*y - 16*y = -c. List the prime factors of ((-12)/y*-4)/(2/(-245)).
3, 7
Let u(j) = 5*j**3 - 7*j**2 + 9*j + 4. Let z be u(3). Suppose -5*n - 35 - 25 = -2*h, 3*h - z = n. Suppose 2*c - h = 281. List the prime factors of c.
2, 79
Let z(v) = -v**2 - 40*v + 88. Let w be z(-42). Suppose 5*r + 25*h - 6813 = 24*h, -2*h = -w*r + 5456. What are the prime factors of r?
29, 47
Suppose 112*h + 143797 - 690245 = 0. List the prime factors of h.
7, 17, 41
List the prime factors of 300780